{"id":2,"date":"2016-05-10T03:48:21","date_gmt":"2016-05-10T03:48:21","guid":{"rendered":"http:\/\/www.foerderverein-bibliothek.de\/?page_id=2"},"modified":"2024-03-03T00:41:00","modified_gmt":"2024-03-02T22:41:00","slug":"sample-page","status":"publish","type":"page","link":"https:\/\/www.foerderverein-bibliothek.de\/?page_id=2","title":{"rendered":"\u00dcber den F\u00f6rderverein"},"content":{"rendered":"\n<p class=\"has-text-align-center\">\u00dcber den F\u00f6rderverein Bibliothek des Mariengymnasiums Jever e.V.<\/p>\n\n\n\n<p class=\"has-text-align-center\"><br><\/p>\n\n\n\n<figure class=\"wp-block-image aligncenter size-full is-resized\"><img loading=\"lazy\" decoding=\"async\" width=\"900\" height=\"598\" src=\"https:\/\/www.foerderverein-bibliothek.de\/wp-content\/uploads\/2022\/08\/00k_DSC_0015x.jpg\" alt=\"\" class=\"wp-image-302\" style=\"width:669px;height:444px\" srcset=\"https:\/\/www.foerderverein-bibliothek.de\/wp-content\/uploads\/2022\/08\/00k_DSC_0015x.jpg 900w, https:\/\/www.foerderverein-bibliothek.de\/wp-content\/uploads\/2022\/08\/00k_DSC_0015x-300x199.jpg 300w, https:\/\/www.foerderverein-bibliothek.de\/wp-content\/uploads\/2022\/08\/00k_DSC_0015x-768x510.jpg 768w\" sizes=\"auto, (max-width: 900px) 100vw, 900px\" \/><\/figure>\n\n\n\n<p><\/p>\n\n\n\n<p>Das Mariengymnasium, 1573 als Lateinschule gegr\u00fcndet, verf\u00fcgt \u00fcber eine au\u00dfergew\u00f6hnliche Bibliothek von gro\u00dfer kultureller Bedeutung \u00fcber unsere Region hinaus. W\u00e4hrend der historische Buchbestand jahrelang im Keller des Schulgeb\u00e4udes ein eher feuchtes und tristes Dasein fristete und die neuzeitlichen Werke \u00fcber mehrere Fachbibliotheken verstreut waren, ist der gesamte Buchbestand dank des Landkreises Friesland 2000 in gro\u00dfz\u00fcgige R\u00e4umlichkeiten und ein ansprechendes Ambiente umgezogen. Dazu wurden sechs Klassenr\u00e4ume zu einer Einheit zusammengefasst.<\/p>\n\n\n\n<p><\/p>\n\n\n\n<p><\/p>\n\n\n\n<figure class=\"wp-block-image alignleft size-full is-resized\"><img loading=\"lazy\" decoding=\"async\" width=\"900\" height=\"598\" src=\"https:\/\/www.foerderverein-bibliothek.de\/wp-content\/uploads\/2022\/09\/00k_DSC_0348.jpg\" alt=\"\" class=\"wp-image-366\" style=\"width:397px;height:264px\" srcset=\"https:\/\/www.foerderverein-bibliothek.de\/wp-content\/uploads\/2022\/09\/00k_DSC_0348.jpg 900w, https:\/\/www.foerderverein-bibliothek.de\/wp-content\/uploads\/2022\/09\/00k_DSC_0348-300x199.jpg 300w, https:\/\/www.foerderverein-bibliothek.de\/wp-content\/uploads\/2022\/09\/00k_DSC_0348-768x510.jpg 768w\" sizes=\"auto, (max-width: 900px) 100vw, 900px\" \/><figcaption class=\"wp-element-caption\"><em>Im Bereich der Sch\u00fcler*innen-Bibliothek<\/em><\/figcaption><\/figure>\n\n\n\n<p>Von Beginn der Umbauma\u00dfnahmen an war klar, dass die vom Landkreis zur Verf\u00fcgung gestellten Gelder f\u00fcr eine Restaurierung der historischen Buchsch\u00e4tze sowie deren Pr\u00e4sentation und die Unterbringung der zeitgen\u00f6ssischen B\u00fccher nicht ausreichen w\u00fcrden. Die Akquise weiterer finanzieller Mittel war notwendig. Die Gr\u00fcndung eines F\u00f6rdervereins, der die Arbeit in der Bibliothek auch langfristig unterst\u00fctzen w\u00fcrde, war die logische Konsequenz.<\/p>\n\n\n\n<p><\/p>\n\n\n\n<p>Der F\u00f6rderverein Bibliothek des Mariengymnasiums e. V. Jever wurde mit Beginn der Umbauma\u00dfnahmen im November 1998 gegr\u00fcndet. Der Verein hatte sich zum Ziel gesetzt, die Schaffung einer Gesamtbibliothek w\u00e4hrend der Bau- und Gr\u00fcndungsphase finanziell zu unterst\u00fctzen und die dann entstandene Gesamtbibliothek materiell und ideell im weiteren Verlauf zu f\u00f6rdern. Schwerpunkte dieser F\u00f6rderung sollten die Restaurierung der in Mitleidenschaft gezogenen historischen B\u00fccher, die Anschaffung von Mobilar und die Versorgung mit neuen Medien sein.<\/p>\n\n\n\n<p><\/p>\n\n\n\n<p><\/p>\n\n\n\n<figure class=\"wp-block-image alignright size-full is-resized\"><img loading=\"lazy\" decoding=\"async\" width=\"700\" height=\"465\" src=\"https:\/\/www.foerderverein-bibliothek.de\/wp-content\/uploads\/2022\/08\/grafik-4.png\" alt=\"\" class=\"wp-image-323\" style=\"width:493px;height:326px\" srcset=\"https:\/\/www.foerderverein-bibliothek.de\/wp-content\/uploads\/2022\/08\/grafik-4.png 700w, https:\/\/www.foerderverein-bibliothek.de\/wp-content\/uploads\/2022\/08\/grafik-4-300x199.png 300w\" sizes=\"auto, (max-width: 700px) 100vw, 700px\" \/><figcaption class=\"wp-element-caption\"><em>Blick in die neue &#8222;alte&#8220; Bibliothe<\/em>k<\/figcaption><\/figure>\n\n\n\n<p>Die Jahresbeitr\u00e4ge der etwa 100 Vereinsmitglieder und gro\u00dfz\u00fcgige Spenden verschiedener Stiftungen und vieler Einzelpersonen haben seither die Umbau- und Einrichtungskosten sowie die Restaurierung alter B\u00fccher bezuschusst. Eine Bibliothek als laufender Betrieb hat immer zus\u00e4tzlichen Finanzierungsbedarf, und so wird der F\u00f6rderverein auch in Zukunft eine wichtige St\u00fctze sein, um den Kulturschatz der Bibliothek des Mariengymnasium der Region, dem Landkreis und der Stadt Jever zug\u00e4nglich zu halten.<\/p>\n\n\n\n<figure class=\"wp-block-image aligncenter size-large is-resized\"><img loading=\"lazy\" decoding=\"async\" width=\"1024\" height=\"689\" src=\"https:\/\/www.foerderverein-bibliothek.de\/wp-content\/uploads\/2022\/09\/EWE-Stiftung-Vorstand-31.10.13-Bild-2-1024x689.jpg\" alt=\"\" class=\"wp-image-503\" style=\"width:551px;height:370px\" srcset=\"https:\/\/www.foerderverein-bibliothek.de\/wp-content\/uploads\/2022\/09\/EWE-Stiftung-Vorstand-31.10.13-Bild-2-1024x689.jpg 1024w, https:\/\/www.foerderverein-bibliothek.de\/wp-content\/uploads\/2022\/09\/EWE-Stiftung-Vorstand-31.10.13-Bild-2-300x202.jpg 300w, https:\/\/www.foerderverein-bibliothek.de\/wp-content\/uploads\/2022\/09\/EWE-Stiftung-Vorstand-31.10.13-Bild-2-768x517.jpg 768w, https:\/\/www.foerderverein-bibliothek.de\/wp-content\/uploads\/2022\/09\/EWE-Stiftung-Vorstand-31.10.13-Bild-2-1536x1033.jpg 1536w, https:\/\/www.foerderverein-bibliothek.de\/wp-content\/uploads\/2022\/09\/EWE-Stiftung-Vorstand-31.10.13-Bild-2-2048x1377.jpg 2048w\" sizes=\"auto, (max-width: 1024px) 100vw, 1024px\" \/><figcaption class=\"wp-element-caption\"><em>Sitzung des Vorstands der EWE-Stiftung in der Bibliothek am 31.10.2013 <\/em><br>Im Fritz-Levy-Raum sitzen v.l.n.r.: G\u00fcnther Boekhoff, Aufsichtsratsvorsitzender EWE und stellvertr. Stiftungsvorsitzender;&nbsp; Klaus Buchhorn, Gesch\u00e4ftf\u00fchrer EWE;&nbsp; Dr. Stephanie Apke, Leiterin der Gesch\u00e4ftsstelle der Stiftung; Dr. Werner Brinker, Vorsitzender EWE und EWE-Stiftung, sowie die Repr\u00e4sentanten der Gebietsk\u00f6rperschaften<\/figcaption><\/figure>\n\n\n\n<p><\/p>\n\n\n\n<p><\/p>\n\n\n\n<p><strong>Unsere Arbeit gef\u00e4llt Ihnen, und Sie wollen auch einen Beitrag leisten zum Erhalt dieser wertvollen Kultursch\u00e4tze in Jever?<\/strong> Dann <a href=\"https:\/\/www.foerderverein-bibliothek.de\/?page_id=150\" data-type=\"page\" data-id=\"150\">werden Sie Mitglied<\/a> im F\u00f6rderverein Bibliothek des Mariengymnasiums. Wertvolle B\u00fccher, einmalige Musikalien und einzigartige Handschriften werden es Ihnen danken.<\/p>\n\n\n\n<p>Sie m\u00f6chten sich auch die Homepage des Mariengymnasiums Jever ansehen? Dann klicken Sie <a href=\"https:\/\/www.mariengymnasium.eu\/\" class=\"ek-link\">hier<\/a>.<\/p>\n\n\n\n<div class=\"wp-block-columns has-background-color has-primary-background-color has-text-color has-background is-layout-flex wp-container-core-columns-is-layout-28f84493 wp-block-columns-is-layout-flex\">\n<div class=\"wp-block-column ek-linked-block is-layout-flow wp-block-column-is-layout-flow\" style=\"flex-basis:100%\">\n<h2 class=\"wp-block-heading\">Kataloge<\/h2>\n\n\n\n<p>Kataloge der Buchbest\u00e4nde der Bibliothek des Mariengymnasiums Jever <a href=\"https:\/\/www.foerderverein-bibliothek.de\/?page_id=195\">https:\/\/www.foerderverein-bibliothek.de\/?page_id=195<\/a><\/p>\n<a href=\"https:\/\/www.foerderverein-bibliothek.de\/?page_id=195\" class=\"editorskit-block-link\" rel=\"\"><\/a><\/div>\n<\/div>\n\n\n\n<div class=\"wp-block-columns has-background-color has-luminous-vivid-orange-background-color has-text-color has-background is-layout-flex wp-container-core-columns-is-layout-28f84493 wp-block-columns-is-layout-flex\">\n<div class=\"wp-block-column ek-linked-block is-layout-flow wp-block-column-is-layout-flow\" style=\"flex-basis:100%\">\n<h2 class=\"wp-block-heading\">ex libris &#8211; Sch\u00e4tze aus dem Mariengymnasium<\/h2>\n\n\n\n<p>Zwischen 2000 und 2008 stellte das Jeversche Wochenblatt unter dem Titel \u201eex libris \u2013 Sch\u00e4tze aus dem Mariengymnasium\u201c einzelne B\u00e4nde aus der historischen Bibliothek des Mariengymnasiums vor. Wir bieten Ihnen hier eine Auswahl online an.<\/p>\n<a href=\"https:\/\/www.foerderverein-bibliothek.de\/?page_id=118\" class=\"editorskit-block-link\" rel=\"\"><\/a><\/div>\n<\/div>\n","protected":false},"excerpt":{"rendered":"<p>\u00dcber den F\u00f6rderverein Bibliothek des Mariengymnasiums Jever e.V. Das Mariengymnasium, 1573 als Lateinschule gegr\u00fcndet, verf\u00fcgt \u00fcber eine au\u00dfergew\u00f6hnliche Bibliothek von gro\u00dfer kultureller Bedeutung \u00fcber unsere Region hinaus. W\u00e4hrend der historische Buchbestand jahrelang im Keller des Schulgeb\u00e4udes ein eher feuchtes und tristes Dasein fristete und die neuzeitlichen Werke \u00fcber mehrere Fachbibliotheken verstreut waren, ist der gesamte [&hellip;]<\/p>\n","protected":false},"author":1,"featured_media":315,"parent":0,"menu_order":0,"comment_status":"closed","ping_status":"closed","template":"","meta":{"_editorskit_title_hidden":false,"_editorskit_reading_time":2,"_editorskit_is_block_options_detached":false,"_editorskit_block_options_position":"{}","footnotes":""},"class_list":["post-2","page","type-page","status-publish","has-post-thumbnail","hentry"],"_links":{"self":[{"href":"https:\/\/www.foerderverein-bibliothek.de\/index.php?rest_route=\/wp\/v2\/pages\/2","targetHints":{"allow":["GET"]}}],"collection":[{"href":"https:\/\/www.foerderverein-bibliothek.de\/index.php?rest_route=\/wp\/v2\/pages"}],"about":[{"href":"https:\/\/www.foerderverein-bibliothek.de\/index.php?rest_route=\/wp\/v2\/types\/page"}],"author":[{"embeddable":true,"href":"https:\/\/www.foerderverein-bibliothek.de\/index.php?rest_route=\/wp\/v2\/users\/1"}],"replies":[{"embeddable":true,"href":"https:\/\/www.foerderverein-bibliothek.de\/index.php?rest_route=%2Fwp%2Fv2%2Fcomments&post=2"}],"version-history":[{"count":61,"href":"https:\/\/www.foerderverein-bibliothek.de\/index.php?rest_route=\/wp\/v2\/pages\/2\/revisions"}],"predecessor-version":[{"id":1446,"href":"https:\/\/www.foerderverein-bibliothek.de\/index.php?rest_route=\/wp\/v2\/pages\/2\/revisions\/1446"}],"wp:featuredmedia":[{"embeddable":true,"href":"https:\/\/www.foerderverein-bibliothek.de\/index.php?rest_route=\/wp\/v2\/media\/315"}],"wp:attachment":[{"href":"https:\/\/www.foerderverein-bibliothek.de\/index.php?rest_route=%2Fwp%2Fv2%2Fmedia&parent=2"}],"curies":[{"name":"wp","href":"https:\/\/api.w.org\/{rel}","templated":true}]}}

Über den Förderverein

<p class="has-text-align-center">Über den Förderverein Bibliothek des Mariengymnasiums Jever e.V.</p>



<p class="has-text-align-center"><br></p>



<figure class="wp-block-image aligncenter size-full is-resized"><img loading="lazy" decoding="async" width="900" height="598" src="https://www.foerderverein-bibliothek.de/wp-content/uploads/2022/08/00k_DSC_0015x.jpg" alt="" class="wp-image-302" style="width:669px;height:444px" srcset="https://www.foerderverein-bibliothek.de/wp-content/uploads/2022/08/00k_DSC_0015x.jpg 900w, https://www.foerderverein-bibliothek.de/wp-content/uploads/2022/08/00k_DSC_0015x-300x199.jpg 300w, https://www.foerderverein-bibliothek.de/wp-content/uploads/2022/08/00k_DSC_0015x-768x510.jpg 768w" sizes="auto, (max-width: 900px) 100vw, 900px" /></figure>



<p></p>



<p>Das Mariengymnasium, 1573 als Lateinschule gegründet, verfügt über eine außergewöhnliche Bibliothek von großer kultureller Bedeutung über unsere Region hinaus. Während der historische Buchbestand jahrelang im Keller des Schulgebäudes ein eher feuchtes und tristes Dasein fristete und die neuzeitlichen Werke über mehrere Fachbibliotheken verstreut waren, ist der gesamte Buchbestand dank des Landkreises Friesland 2000 in großzügige Räumlichkeiten und ein ansprechendes Ambiente umgezogen. Dazu wurden sechs Klassenräume zu einer Einheit zusammengefasst.</p>



<p></p>



<p></p>



<figure class="wp-block-image alignleft size-full is-resized"><img loading="lazy" decoding="async" width="900" height="598" src="https://www.foerderverein-bibliothek.de/wp-content/uploads/2022/09/00k_DSC_0348.jpg" alt="" class="wp-image-366" style="width:397px;height:264px" srcset="https://www.foerderverein-bibliothek.de/wp-content/uploads/2022/09/00k_DSC_0348.jpg 900w, https://www.foerderverein-bibliothek.de/wp-content/uploads/2022/09/00k_DSC_0348-300x199.jpg 300w, https://www.foerderverein-bibliothek.de/wp-content/uploads/2022/09/00k_DSC_0348-768x510.jpg 768w" sizes="auto, (max-width: 900px) 100vw, 900px" /><figcaption class="wp-element-caption"><em>Im Bereich der Schüler*innen-Bibliothek</em></figcaption></figure>



<p>Von Beginn der Umbaumaßnahmen an war klar, dass die vom Landkreis zur Verfügung gestellten Gelder für eine Restaurierung der historischen Buchschätze sowie deren Präsentation und die Unterbringung der zeitgenössischen Bücher nicht ausreichen würden. Die Akquise weiterer finanzieller Mittel war notwendig. Die Gründung eines Fördervereins, der die Arbeit in der Bibliothek auch langfristig unterstützen würde, war die logische Konsequenz.</p>



<p></p>



<p>Der Förderverein Bibliothek des Mariengymnasiums e. V. Jever wurde mit Beginn der Umbaumaßnahmen im November 1998 gegründet. Der Verein hatte sich zum Ziel gesetzt, die Schaffung einer Gesamtbibliothek während der Bau- und Gründungsphase finanziell zu unterstützen und die dann entstandene Gesamtbibliothek materiell und ideell im weiteren Verlauf zu fördern. Schwerpunkte dieser Förderung sollten die Restaurierung der in Mitleidenschaft gezogenen historischen Bücher, die Anschaffung von Mobilar und die Versorgung mit neuen Medien sein.</p>



<p></p>



<p></p>



<figure class="wp-block-image alignright size-full is-resized"><img loading="lazy" decoding="async" width="700" height="465" src="https://www.foerderverein-bibliothek.de/wp-content/uploads/2022/08/grafik-4.png" alt="" class="wp-image-323" style="width:493px;height:326px" srcset="https://www.foerderverein-bibliothek.de/wp-content/uploads/2022/08/grafik-4.png 700w, https://www.foerderverein-bibliothek.de/wp-content/uploads/2022/08/grafik-4-300x199.png 300w" sizes="auto, (max-width: 700px) 100vw, 700px" /><figcaption class="wp-element-caption"><em>Blick in die neue &#8222;alte&#8220; Bibliothe</em>k</figcaption></figure>



<p>Die Jahresbeiträge der etwa 100 Vereinsmitglieder und großzügige Spenden verschiedener Stiftungen und vieler Einzelpersonen haben seither die Umbau- und Einrichtungskosten sowie die Restaurierung alter Bücher bezuschusst. Eine Bibliothek als laufender Betrieb hat immer zusätzlichen Finanzierungsbedarf, und so wird der Förderverein auch in Zukunft eine wichtige Stütze sein, um den Kulturschatz der Bibliothek des Mariengymnasium der Region, dem Landkreis und der Stadt Jever zugänglich zu halten.</p>



<figure class="wp-block-image aligncenter size-large is-resized"><img loading="lazy" decoding="async" width="1024" height="689" src="https://www.foerderverein-bibliothek.de/wp-content/uploads/2022/09/EWE-Stiftung-Vorstand-31.10.13-Bild-2-1024x689.jpg" alt="" class="wp-image-503" style="width:551px;height:370px" srcset="https://www.foerderverein-bibliothek.de/wp-content/uploads/2022/09/EWE-Stiftung-Vorstand-31.10.13-Bild-2-1024x689.jpg 1024w, https://www.foerderverein-bibliothek.de/wp-content/uploads/2022/09/EWE-Stiftung-Vorstand-31.10.13-Bild-2-300x202.jpg 300w, https://www.foerderverein-bibliothek.de/wp-content/uploads/2022/09/EWE-Stiftung-Vorstand-31.10.13-Bild-2-768x517.jpg 768w, https://www.foerderverein-bibliothek.de/wp-content/uploads/2022/09/EWE-Stiftung-Vorstand-31.10.13-Bild-2-1536x1033.jpg 1536w, https://www.foerderverein-bibliothek.de/wp-content/uploads/2022/09/EWE-Stiftung-Vorstand-31.10.13-Bild-2-2048x1377.jpg 2048w" sizes="auto, (max-width: 1024px) 100vw, 1024px" /><figcaption class="wp-element-caption"><em>Sitzung des Vorstands der EWE-Stiftung in der Bibliothek am 31.10.2013 </em><br>Im Fritz-Levy-Raum sitzen v.l.n.r.: Günther Boekhoff, Aufsichtsratsvorsitzender EWE und stellvertr. Stiftungsvorsitzender;&nbsp; Klaus Buchhorn, Geschäftführer EWE;&nbsp; Dr. Stephanie Apke, Leiterin der Geschäftsstelle der Stiftung; Dr. Werner Brinker, Vorsitzender EWE und EWE-Stiftung, sowie die Repräsentanten der Gebietskörperschaften</figcaption></figure>



<p></p>



<p></p>



<p><strong>Unsere Arbeit gefällt Ihnen, und Sie wollen auch einen Beitrag leisten zum Erhalt dieser wertvollen Kulturschätze in Jever?</strong> Dann <a href="https://www.foerderverein-bibliothek.de/?page_id=150" data-type="page" data-id="150">werden Sie Mitglied</a> im Förderverein Bibliothek des Mariengymnasiums. Wertvolle Bücher, einmalige Musikalien und einzigartige Handschriften werden es Ihnen danken.</p>



<p>Sie möchten sich auch die Homepage des Mariengymnasiums Jever ansehen? Dann klicken Sie <a href="https://www.mariengymnasium.eu/" class="ek-link">hier</a>.</p>



<div class="wp-block-columns has-background-color has-primary-background-color has-text-color has-background is-layout-flex wp-container-core-columns-is-layout-28f84493 wp-block-columns-is-layout-flex">
<div class="wp-block-column ek-linked-block is-layout-flow wp-block-column-is-layout-flow" style="flex-basis:100%">
<h2 class="wp-block-heading">Kataloge</h2>



<p>Kataloge der Buchbestände der Bibliothek des Mariengymnasiums Jever <a href="https://www.foerderverein-bibliothek.de/?page_id=195">https://www.foerderverein-bibliothek.de/?page_id=195</a></p>
<a href="https://www.foerderverein-bibliothek.de/?page_id=195" class="editorskit-block-link" rel=""></a></div>
</div>



<div class="wp-block-columns has-background-color has-luminous-vivid-orange-background-color has-text-color has-background is-layout-flex wp-container-core-columns-is-layout-28f84493 wp-block-columns-is-layout-flex">
<div class="wp-block-column ek-linked-block is-layout-flow wp-block-column-is-layout-flow" style="flex-basis:100%">
<h2 class="wp-block-heading">ex libris &#8211; Schätze aus dem Mariengymnasium</h2>



<p>Zwischen 2000 und 2008 stellte das Jeversche Wochenblatt unter dem Titel „ex libris – Schätze aus dem Mariengymnasium“ einzelne Bände aus der historischen Bibliothek des Mariengymnasiums vor. Wir bieten Ihnen hier eine Auswahl online an.</p>
<a href="https://www.foerderverein-bibliothek.de/?page_id=118" class="editorskit-block-link" rel=""></a></div>
</div>

<p>Über den Förderverein Bibliothek des Mariengymnasiums Jever e.V. Das Mariengymnasium, 1573 als Lateinschule gegründet, verfügt über eine außergewöhnliche Bibliothek von großer kultureller Bedeutung über unsere Region hinaus. Während der historische Buchbestand jahrelang im Keller des Schulgebäudes ein eher feuchtes und tristes Dasein fristete und die neuzeitlichen Werke über mehrere Fachbibliotheken verstreut waren, ist der gesamte [&hellip;]</p>
