{"id":154,"date":"2022-08-01T22:21:34","date_gmt":"2022-08-01T20:21:34","guid":{"rendered":"https:\/\/www.foerderverein-bibliothek.de\/?page_id=154"},"modified":"2024-08-20T23:22:35","modified_gmt":"2024-08-20T21:22:35","slug":"restauration-vom-verfall-bedrohter-baende","status":"publish","type":"page","link":"https:\/\/www.foerderverein-bibliothek.de\/?page_id=154","title":{"rendered":"Restaurierung vom Verfall bedrohter B\u00e4nde"},"content":{"rendered":"\n<p><\/p>\n\n\n\n<p><\/p>\n\n\n\n<figure class=\"wp-block-image aligncenter size-full\"><img loading=\"lazy\" decoding=\"async\" width=\"578\" height=\"499\" src=\"https:\/\/www.foerderverein-bibliothek.de\/wp-content\/uploads\/2022\/09\/00k_9-Sleidanus-1.jpg\" alt=\"\" class=\"wp-image-660\" srcset=\"https:\/\/www.foerderverein-bibliothek.de\/wp-content\/uploads\/2022\/09\/00k_9-Sleidanus-1.jpg 578w, https:\/\/www.foerderverein-bibliothek.de\/wp-content\/uploads\/2022\/09\/00k_9-Sleidanus-1-300x259.jpg 300w\" sizes=\"auto, (max-width: 578px) 100vw, 578px\" \/><figcaption class=\"wp-element-caption\">Restaurierung in Perfektion inkl. neuer Bandschlie\u00dfen: <strong>Johannes<\/strong> <strong>Sleidanus, <\/strong>Warhafftige Beschreibung Geistlicher vnd Weltlicher Historien vnder dem Gro\u00dfmechtigsten Keiser Carolo dem f\u00fcnfften verlauffen, Basel 1557 (Foto: Jens Zander)<\/figcaption><\/figure>\n\n\n\n<p><\/p>\n\n\n\n<p>Bereits seit dem Jahr 2001 finanziert der F\u00f6rderverein Bibliothek des Mariengymnasiums e. V. Jever die Restaurierung vom Verfall bedrohter B\u00e4nde aus der Bibliothek des Mariengymnasiums.<br>Die Auftr\u00e4ge werden in der Regel an die <a href=\"http:\/\/www.mgbibliothek.mgjever.de\/restau.html#\">Firma Depping<\/a> in M\u00fcnster \/ Westf. vergeben, ein Familienunternehmen mit internationaler Reputation.<\/p>\n\n\n\n<p>Am Sonnabend, dem 16. M\u00e4rz 2002 waren deshalb 13 Mitglieder des Vorstandes und des Vereins der Einladung von Inhaber Norbert Depping nach M\u00fcnster gefolgt und konnten die Arbeit an den jeverschen B\u00e4nden vor Ort beobachten.<br>Vorher lie\u00df es sich der Inhaber jedoch nicht nehmen, die interessierten Besucher fachkundig in die Materie des Buchbindens und -restaurierens einzuweisen. Er erkl\u00e4rte verst\u00e4ndlich Arbeitsschritte und Fachbegriffe und hatte auch jede Menge Anschauungsmaterial zur Geschichte des Buches zusammengestellt, das die Jeveraner anschauen und -f\u00fchlen durften.<\/p>\n\n\n\n<p>So machten eine Keilschrifttafel, Papyrus, Pergament und verschiedene Ledersorten (Schwein, Kalb, Ziege, Schaf) die Runde, darunter auch das wertvolle rote Maroquin-Leder. Auch an hauchd\u00fcnnem Blattgold fehlte es nat\u00fcrlich nicht.<br>Das besondere Highlight dieser Anschauungsst\u00fccke war vermutlich ein mehrere hundert Jahre alter Band aus Gro\u00dfbritannien, der unter dem Goldschnitt mit der sogenannten &#8222;For-edge-painting&#8220;-Technik bemalt war. Dabei handelt es sich um eine Illustration, die auf den Seitenkanten des Buches angebracht ist und erst beim Auff\u00e4chern der Seiten sichtbar wird.<\/p>\n\n\n\n<p>Im Anschlu\u00df an diese ausf\u00fchrliche theoretische Einf\u00fchrung ging es f\u00fcr die Besucher an die eigentliche Besichtigung der Werkstatt. Gerit Depping, der Sohn des Inhabers, zeigte an mehreren Stationen die einzelnen Arbeitsschritte vom zerlegten Buch bis hin zum wiederhergestellten, restaurierten Band und gab Einblicke in die Arbeit an den B\u00e4nden des Mariengymnasiums<sup class=\"modern-footnotes-footnote modern-footnotes-footnote--hover-on-desktop \" data-mfn=\"1\" data-mfn-post-scope=\"00000000000001810000000000000000_154\"><a href=\"javascript:void(0)\"  role=\"button\" aria-pressed=\"false\" aria-describedby=\"mfn-content-00000000000001810000000000000000_154-1\">1<\/a><\/sup><span id=\"mfn-content-00000000000001810000000000000000_154-1\" role=\"tooltip\" class=\"modern-footnotes-footnote__note\" tabindex=\"0\" data-mfn=\"1\">Text und Bilder aus M\u00fcnster von Dr. Matthias Bollmeyer<\/span>.<\/p>\n\n\n\n<p><\/p>\n\n\n\n<figure class=\"wp-block-gallery has-nested-images columns-default is-cropped wp-block-gallery-1 is-layout-flex wp-block-gallery-is-layout-flex\">\n<figure class=\"wp-block-image size-large\"><img loading=\"lazy\" decoding=\"async\" width=\"761\" height=\"514\" data-id=\"157\" src=\"https:\/\/www.foerderverein-bibliothek.de\/wp-content\/uploads\/2022\/08\/depp01.jpg\" alt=\"\" class=\"wp-image-157\" srcset=\"https:\/\/www.foerderverein-bibliothek.de\/wp-content\/uploads\/2022\/08\/depp01.jpg 761w, https:\/\/www.foerderverein-bibliothek.de\/wp-content\/uploads\/2022\/08\/depp01-300x203.jpg 300w\" sizes=\"auto, (max-width: 761px) 100vw, 761px\" \/><\/figure>\n\n\n\n<figure class=\"wp-block-image size-large\"><img loading=\"lazy\" decoding=\"async\" width=\"764\" height=\"515\" data-id=\"158\" src=\"https:\/\/www.foerderverein-bibliothek.de\/wp-content\/uploads\/2022\/08\/depp02.jpg\" alt=\"\" class=\"wp-image-158\" srcset=\"https:\/\/www.foerderverein-bibliothek.de\/wp-content\/uploads\/2022\/08\/depp02.jpg 764w, https:\/\/www.foerderverein-bibliothek.de\/wp-content\/uploads\/2022\/08\/depp02-300x202.jpg 300w\" sizes=\"auto, (max-width: 764px) 100vw, 764px\" \/><\/figure>\n\n\n\n<figure class=\"wp-block-image size-large\"><img loading=\"lazy\" decoding=\"async\" width=\"507\" height=\"685\" data-id=\"159\" src=\"https:\/\/www.foerderverein-bibliothek.de\/wp-content\/uploads\/2022\/08\/depp03.jpg\" alt=\"\" class=\"wp-image-159\" srcset=\"https:\/\/www.foerderverein-bibliothek.de\/wp-content\/uploads\/2022\/08\/depp03.jpg 507w, https:\/\/www.foerderverein-bibliothek.de\/wp-content\/uploads\/2022\/08\/depp03-222x300.jpg 222w\" sizes=\"auto, (max-width: 507px) 100vw, 507px\" \/><\/figure>\n\n\n\n<figure class=\"wp-block-image size-large\"><img loading=\"lazy\" decoding=\"async\" width=\"618\" height=\"516\" data-id=\"160\" src=\"https:\/\/www.foerderverein-bibliothek.de\/wp-content\/uploads\/2022\/08\/depp04.jpg\" alt=\"\" class=\"wp-image-160\" srcset=\"https:\/\/www.foerderverein-bibliothek.de\/wp-content\/uploads\/2022\/08\/depp04.jpg 618w, https:\/\/www.foerderverein-bibliothek.de\/wp-content\/uploads\/2022\/08\/depp04-300x250.jpg 300w\" sizes=\"auto, (max-width: 618px) 100vw, 618px\" \/><\/figure>\n\n\n\n<figure class=\"wp-block-image size-large\"><img loading=\"lazy\" decoding=\"async\" width=\"518\" height=\"757\" data-id=\"161\" src=\"https:\/\/www.foerderverein-bibliothek.de\/wp-content\/uploads\/2022\/08\/depp05.jpg\" alt=\"\" class=\"wp-image-161\" srcset=\"https:\/\/www.foerderverein-bibliothek.de\/wp-content\/uploads\/2022\/08\/depp05.jpg 518w, https:\/\/www.foerderverein-bibliothek.de\/wp-content\/uploads\/2022\/08\/depp05-205x300.jpg 205w\" sizes=\"auto, (max-width: 518px) 100vw, 518px\" \/><\/figure>\n\n\n\n<figure class=\"wp-block-image size-large\"><img loading=\"lazy\" decoding=\"async\" width=\"502\" height=\"665\" data-id=\"162\" src=\"https:\/\/www.foerderverein-bibliothek.de\/wp-content\/uploads\/2022\/08\/depp06.jpg\" alt=\"\" class=\"wp-image-162\" srcset=\"https:\/\/www.foerderverein-bibliothek.de\/wp-content\/uploads\/2022\/08\/depp06.jpg 502w, https:\/\/www.foerderverein-bibliothek.de\/wp-content\/uploads\/2022\/08\/depp06-226x300.jpg 226w\" sizes=\"auto, (max-width: 502px) 100vw, 502px\" \/><\/figure>\n\n\n\n<figure class=\"wp-block-image size-large\"><img loading=\"lazy\" decoding=\"async\" width=\"507\" height=\"670\" data-id=\"163\" src=\"https:\/\/www.foerderverein-bibliothek.de\/wp-content\/uploads\/2022\/08\/depp07.jpg\" alt=\"\" class=\"wp-image-163\" srcset=\"https:\/\/www.foerderverein-bibliothek.de\/wp-content\/uploads\/2022\/08\/depp07.jpg 507w, https:\/\/www.foerderverein-bibliothek.de\/wp-content\/uploads\/2022\/08\/depp07-227x300.jpg 227w\" sizes=\"auto, (max-width: 507px) 100vw, 507px\" \/><\/figure>\n\n\n\n<figure class=\"wp-block-image size-large\"><img loading=\"lazy\" decoding=\"async\" width=\"509\" height=\"760\" data-id=\"164\" src=\"https:\/\/www.foerderverein-bibliothek.de\/wp-content\/uploads\/2022\/08\/depp08.jpg\" alt=\"\" class=\"wp-image-164\" srcset=\"https:\/\/www.foerderverein-bibliothek.de\/wp-content\/uploads\/2022\/08\/depp08.jpg 509w, https:\/\/www.foerderverein-bibliothek.de\/wp-content\/uploads\/2022\/08\/depp08-201x300.jpg 201w\" sizes=\"auto, (max-width: 509px) 100vw, 509px\" \/><\/figure>\n\n\n\n<figure class=\"wp-block-image size-large\"><img loading=\"lazy\" decoding=\"async\" width=\"516\" height=\"764\" data-id=\"166\" src=\"https:\/\/www.foerderverein-bibliothek.de\/wp-content\/uploads\/2022\/08\/depp10.jpg\" alt=\"\" class=\"wp-image-166\" srcset=\"https:\/\/www.foerderverein-bibliothek.de\/wp-content\/uploads\/2022\/08\/depp10.jpg 516w, https:\/\/www.foerderverein-bibliothek.de\/wp-content\/uploads\/2022\/08\/depp10-203x300.jpg 203w\" sizes=\"auto, (max-width: 516px) 100vw, 516px\" \/><\/figure>\n\n\n\n<figure class=\"wp-block-image size-large\"><img loading=\"lazy\" decoding=\"async\" width=\"377\" height=\"418\" data-id=\"167\" src=\"https:\/\/www.foerderverein-bibliothek.de\/wp-content\/uploads\/2022\/08\/depp11.jpg\" alt=\"\" class=\"wp-image-167\" srcset=\"https:\/\/www.foerderverein-bibliothek.de\/wp-content\/uploads\/2022\/08\/depp11.jpg 377w, https:\/\/www.foerderverein-bibliothek.de\/wp-content\/uploads\/2022\/08\/depp11-271x300.jpg 271w\" sizes=\"auto, (max-width: 377px) 100vw, 377px\" \/><\/figure>\n\n\n\n<figure class=\"wp-block-image size-large\"><img loading=\"lazy\" decoding=\"async\" width=\"518\" height=\"767\" data-id=\"168\" src=\"https:\/\/www.foerderverein-bibliothek.de\/wp-content\/uploads\/2022\/08\/depp12.jpg\" alt=\"\" class=\"wp-image-168\" srcset=\"https:\/\/www.foerderverein-bibliothek.de\/wp-content\/uploads\/2022\/08\/depp12.jpg 518w, https:\/\/www.foerderverein-bibliothek.de\/wp-content\/uploads\/2022\/08\/depp12-203x300.jpg 203w\" sizes=\"auto, (max-width: 518px) 100vw, 518px\" \/><\/figure>\n<\/figure>\n\n\n\n<p>Ein Gro\u00dfteil der Restaurierungen ist nun mehr abgeschlossen. Der F\u00f6rderverein konnte hierf\u00fcr mehrere 100.000 \u20ac aufwenden &#8211; dank der Beitr\u00e4ge der Mitglieder, gro\u00dfz\u00fcgiger Spenden und Stiftungsgeldern. <\/p>\n\n\n\n<figure class=\"wp-block-image aligncenter size-large is-resized\"><img loading=\"lazy\" decoding=\"async\" width=\"1024\" height=\"680\" src=\"https:\/\/www.foerderverein-bibliothek.de\/wp-content\/uploads\/2022\/09\/Ausschnitt-Buchregal-1024x680.jpg\" alt=\"\" class=\"wp-image-569\" style=\"width:437px;height:289px\" srcset=\"https:\/\/www.foerderverein-bibliothek.de\/wp-content\/uploads\/2022\/09\/Ausschnitt-Buchregal-1024x680.jpg 1024w, https:\/\/www.foerderverein-bibliothek.de\/wp-content\/uploads\/2022\/09\/Ausschnitt-Buchregal-300x199.jpg 300w, https:\/\/www.foerderverein-bibliothek.de\/wp-content\/uploads\/2022\/09\/Ausschnitt-Buchregal-768x510.jpg 768w, https:\/\/www.foerderverein-bibliothek.de\/wp-content\/uploads\/2022\/09\/Ausschnitt-Buchregal-1536x1020.jpg 1536w, https:\/\/www.foerderverein-bibliothek.de\/wp-content\/uploads\/2022\/09\/Ausschnitt-Buchregal-2048x1360.jpg 2048w\" sizes=\"auto, (max-width: 1024px) 100vw, 1024px\" \/><figcaption class=\"wp-element-caption\">Restauriert und einsortiert: So pr\u00e4sentiert sich der historische Bestand nun.<\/figcaption><\/figure>\n<ul class=\"modern-footnotes-list \"><li><span>1<\/span><div>Text und Bilder aus M\u00fcnster von Dr. Matthias Bollmeyer<\/div><\/li><\/ul>","protected":false},"excerpt":{"rendered":"<p>Bereits seit dem Jahr 2001 finanziert der F\u00f6rderverein Bibliothek des Mariengymnasiums e. V. Jever die Restaurierung vom Verfall bedrohter B\u00e4nde aus der Bibliothek des Mariengymnasiums.Die Auftr\u00e4ge werden in der Regel an die Firma Depping in M\u00fcnster \/ Westf. vergeben, ein Familienunternehmen mit internationaler Reputation. Am Sonnabend, dem 16. M\u00e4rz 2002 waren deshalb 13 Mitglieder des [&hellip;]<\/p>\n","protected":false},"author":1,"featured_media":0,"parent":143,"menu_order":0,"comment_status":"closed","ping_status":"closed","template":"","meta":{"_editorskit_title_hidden":false,"_editorskit_reading_time":2,"_editorskit_is_block_options_detached":false,"_editorskit_block_options_position":"{}","footnotes":""},"class_list":["post-154","page","type-page","status-publish","hentry"],"_links":{"self":[{"href":"https:\/\/www.foerderverein-bibliothek.de\/index.php?rest_route=\/wp\/v2\/pages\/154","targetHints":{"allow":["GET"]}}],"collection":[{"href":"https:\/\/www.foerderverein-bibliothek.de\/index.php?rest_route=\/wp\/v2\/pages"}],"about":[{"href":"https:\/\/www.foerderverein-bibliothek.de\/index.php?rest_route=\/wp\/v2\/types\/page"}],"author":[{"embeddable":true,"href":"https:\/\/www.foerderverein-bibliothek.de\/index.php?rest_route=\/wp\/v2\/users\/1"}],"replies":[{"embeddable":true,"href":"https:\/\/www.foerderverein-bibliothek.de\/index.php?rest_route=%2Fwp%2Fv2%2Fcomments&post=154"}],"version-history":[{"count":24,"href":"https:\/\/www.foerderverein-bibliothek.de\/index.php?rest_route=\/wp\/v2\/pages\/154\/revisions"}],"predecessor-version":[{"id":1492,"href":"https:\/\/www.foerderverein-bibliothek.de\/index.php?rest_route=\/wp\/v2\/pages\/154\/revisions\/1492"}],"up":[{"embeddable":true,"href":"https:\/\/www.foerderverein-bibliothek.de\/index.php?rest_route=\/wp\/v2\/pages\/143"}],"wp:attachment":[{"href":"https:\/\/www.foerderverein-bibliothek.de\/index.php?rest_route=%2Fwp%2Fv2%2Fmedia&parent=154"}],"curies":[{"name":"wp","href":"https:\/\/api.w.org\/{rel}","templated":true}]}}

Restaurierung vom Verfall bedrohter Bände

<p></p>



<p></p>



<figure class="wp-block-image aligncenter size-full"><img loading="lazy" decoding="async" width="578" height="499" src="https://www.foerderverein-bibliothek.de/wp-content/uploads/2022/09/00k_9-Sleidanus-1.jpg" alt="" class="wp-image-660" srcset="https://www.foerderverein-bibliothek.de/wp-content/uploads/2022/09/00k_9-Sleidanus-1.jpg 578w, https://www.foerderverein-bibliothek.de/wp-content/uploads/2022/09/00k_9-Sleidanus-1-300x259.jpg 300w" sizes="auto, (max-width: 578px) 100vw, 578px" /><figcaption class="wp-element-caption">Restaurierung in Perfektion inkl. neuer Bandschließen: <strong>Johannes</strong> <strong>Sleidanus, </strong>Warhafftige Beschreibung Geistlicher vnd Weltlicher Historien vnder dem Großmechtigsten Keiser Carolo dem fünfften verlauffen, Basel 1557 (Foto: Jens Zander)</figcaption></figure>



<p></p>



<p>Bereits seit dem Jahr 2001 finanziert der Förderverein Bibliothek des Mariengymnasiums e. V. Jever die Restaurierung vom Verfall bedrohter Bände aus der Bibliothek des Mariengymnasiums.<br>Die Aufträge werden in der Regel an die <a href="http://www.mgbibliothek.mgjever.de/restau.html#">Firma Depping</a> in Münster / Westf. vergeben, ein Familienunternehmen mit internationaler Reputation.</p>



<p>Am Sonnabend, dem 16. März 2002 waren deshalb 13 Mitglieder des Vorstandes und des Vereins der Einladung von Inhaber Norbert Depping nach Münster gefolgt und konnten die Arbeit an den jeverschen Bänden vor Ort beobachten.<br>Vorher ließ es sich der Inhaber jedoch nicht nehmen, die interessierten Besucher fachkundig in die Materie des Buchbindens und -restaurierens einzuweisen. Er erklärte verständlich Arbeitsschritte und Fachbegriffe und hatte auch jede Menge Anschauungsmaterial zur Geschichte des Buches zusammengestellt, das die Jeveraner anschauen und -fühlen durften.</p>



<p>So machten eine Keilschrifttafel, Papyrus, Pergament und verschiedene Ledersorten (Schwein, Kalb, Ziege, Schaf) die Runde, darunter auch das wertvolle rote Maroquin-Leder. Auch an hauchdünnem Blattgold fehlte es natürlich nicht.<br>Das besondere Highlight dieser Anschauungsstücke war vermutlich ein mehrere hundert Jahre alter Band aus Großbritannien, der unter dem Goldschnitt mit der sogenannten &#8222;For-edge-painting&#8220;-Technik bemalt war. Dabei handelt es sich um eine Illustration, die auf den Seitenkanten des Buches angebracht ist und erst beim Auffächern der Seiten sichtbar wird.</p>



<p>Im Anschluß an diese ausführliche theoretische Einführung ging es für die Besucher an die eigentliche Besichtigung der Werkstatt. Gerit Depping, der Sohn des Inhabers, zeigte an mehreren Stationen die einzelnen Arbeitsschritte vom zerlegten Buch bis hin zum wiederhergestellten, restaurierten Band und gab Einblicke in die Arbeit an den Bänden des Mariengymnasiums<sup class="modern-footnotes-footnote modern-footnotes-footnote--hover-on-desktop " data-mfn="1" data-mfn-post-scope="00000000000001810000000000000000_154"><a href="javascript:void(0)"  role="button" aria-pressed="false" aria-describedby="mfn-content-00000000000001810000000000000000_154-1">1</a></sup><span id="mfn-content-00000000000001810000000000000000_154-1" role="tooltip" class="modern-footnotes-footnote__note" tabindex="0" data-mfn="1">Text und Bilder aus Münster von Dr. Matthias Bollmeyer</span>.</p>



<p></p>



<figure class="wp-block-gallery has-nested-images columns-default is-cropped wp-block-gallery-1 is-layout-flex wp-block-gallery-is-layout-flex">
<figure class="wp-block-image size-large"><img loading="lazy" decoding="async" width="761" height="514" data-id="157" src="https://www.foerderverein-bibliothek.de/wp-content/uploads/2022/08/depp01.jpg" alt="" class="wp-image-157" srcset="https://www.foerderverein-bibliothek.de/wp-content/uploads/2022/08/depp01.jpg 761w, https://www.foerderverein-bibliothek.de/wp-content/uploads/2022/08/depp01-300x203.jpg 300w" sizes="auto, (max-width: 761px) 100vw, 761px" /></figure>



<figure class="wp-block-image size-large"><img loading="lazy" decoding="async" width="764" height="515" data-id="158" src="https://www.foerderverein-bibliothek.de/wp-content/uploads/2022/08/depp02.jpg" alt="" class="wp-image-158" srcset="https://www.foerderverein-bibliothek.de/wp-content/uploads/2022/08/depp02.jpg 764w, https://www.foerderverein-bibliothek.de/wp-content/uploads/2022/08/depp02-300x202.jpg 300w" sizes="auto, (max-width: 764px) 100vw, 764px" /></figure>



<figure class="wp-block-image size-large"><img loading="lazy" decoding="async" width="507" height="685" data-id="159" src="https://www.foerderverein-bibliothek.de/wp-content/uploads/2022/08/depp03.jpg" alt="" class="wp-image-159" srcset="https://www.foerderverein-bibliothek.de/wp-content/uploads/2022/08/depp03.jpg 507w, https://www.foerderverein-bibliothek.de/wp-content/uploads/2022/08/depp03-222x300.jpg 222w" sizes="auto, (max-width: 507px) 100vw, 507px" /></figure>



<figure class="wp-block-image size-large"><img loading="lazy" decoding="async" width="618" height="516" data-id="160" src="https://www.foerderverein-bibliothek.de/wp-content/uploads/2022/08/depp04.jpg" alt="" class="wp-image-160" srcset="https://www.foerderverein-bibliothek.de/wp-content/uploads/2022/08/depp04.jpg 618w, https://www.foerderverein-bibliothek.de/wp-content/uploads/2022/08/depp04-300x250.jpg 300w" sizes="auto, (max-width: 618px) 100vw, 618px" /></figure>



<figure class="wp-block-image size-large"><img loading="lazy" decoding="async" width="518" height="757" data-id="161" src="https://www.foerderverein-bibliothek.de/wp-content/uploads/2022/08/depp05.jpg" alt="" class="wp-image-161" srcset="https://www.foerderverein-bibliothek.de/wp-content/uploads/2022/08/depp05.jpg 518w, https://www.foerderverein-bibliothek.de/wp-content/uploads/2022/08/depp05-205x300.jpg 205w" sizes="auto, (max-width: 518px) 100vw, 518px" /></figure>



<figure class="wp-block-image size-large"><img loading="lazy" decoding="async" width="502" height="665" data-id="162" src="https://www.foerderverein-bibliothek.de/wp-content/uploads/2022/08/depp06.jpg" alt="" class="wp-image-162" srcset="https://www.foerderverein-bibliothek.de/wp-content/uploads/2022/08/depp06.jpg 502w, https://www.foerderverein-bibliothek.de/wp-content/uploads/2022/08/depp06-226x300.jpg 226w" sizes="auto, (max-width: 502px) 100vw, 502px" /></figure>



<figure class="wp-block-image size-large"><img loading="lazy" decoding="async" width="507" height="670" data-id="163" src="https://www.foerderverein-bibliothek.de/wp-content/uploads/2022/08/depp07.jpg" alt="" class="wp-image-163" srcset="https://www.foerderverein-bibliothek.de/wp-content/uploads/2022/08/depp07.jpg 507w, https://www.foerderverein-bibliothek.de/wp-content/uploads/2022/08/depp07-227x300.jpg 227w" sizes="auto, (max-width: 507px) 100vw, 507px" /></figure>



<figure class="wp-block-image size-large"><img loading="lazy" decoding="async" width="509" height="760" data-id="164" src="https://www.foerderverein-bibliothek.de/wp-content/uploads/2022/08/depp08.jpg" alt="" class="wp-image-164" srcset="https://www.foerderverein-bibliothek.de/wp-content/uploads/2022/08/depp08.jpg 509w, https://www.foerderverein-bibliothek.de/wp-content/uploads/2022/08/depp08-201x300.jpg 201w" sizes="auto, (max-width: 509px) 100vw, 509px" /></figure>



<figure class="wp-block-image size-large"><img loading="lazy" decoding="async" width="516" height="764" data-id="166" src="https://www.foerderverein-bibliothek.de/wp-content/uploads/2022/08/depp10.jpg" alt="" class="wp-image-166" srcset="https://www.foerderverein-bibliothek.de/wp-content/uploads/2022/08/depp10.jpg 516w, https://www.foerderverein-bibliothek.de/wp-content/uploads/2022/08/depp10-203x300.jpg 203w" sizes="auto, (max-width: 516px) 100vw, 516px" /></figure>



<figure class="wp-block-image size-large"><img loading="lazy" decoding="async" width="377" height="418" data-id="167" src="https://www.foerderverein-bibliothek.de/wp-content/uploads/2022/08/depp11.jpg" alt="" class="wp-image-167" srcset="https://www.foerderverein-bibliothek.de/wp-content/uploads/2022/08/depp11.jpg 377w, https://www.foerderverein-bibliothek.de/wp-content/uploads/2022/08/depp11-271x300.jpg 271w" sizes="auto, (max-width: 377px) 100vw, 377px" /></figure>



<figure class="wp-block-image size-large"><img loading="lazy" decoding="async" width="518" height="767" data-id="168" src="https://www.foerderverein-bibliothek.de/wp-content/uploads/2022/08/depp12.jpg" alt="" class="wp-image-168" srcset="https://www.foerderverein-bibliothek.de/wp-content/uploads/2022/08/depp12.jpg 518w, https://www.foerderverein-bibliothek.de/wp-content/uploads/2022/08/depp12-203x300.jpg 203w" sizes="auto, (max-width: 518px) 100vw, 518px" /></figure>
</figure>



<p>Ein Großteil der Restaurierungen ist nun mehr abgeschlossen. Der Förderverein konnte hierfür mehrere 100.000 € aufwenden &#8211; dank der Beiträge der Mitglieder, großzügiger Spenden und Stiftungsgeldern. </p>



<figure class="wp-block-image aligncenter size-large is-resized"><img loading="lazy" decoding="async" width="1024" height="680" src="https://www.foerderverein-bibliothek.de/wp-content/uploads/2022/09/Ausschnitt-Buchregal-1024x680.jpg" alt="" class="wp-image-569" style="width:437px;height:289px" srcset="https://www.foerderverein-bibliothek.de/wp-content/uploads/2022/09/Ausschnitt-Buchregal-1024x680.jpg 1024w, https://www.foerderverein-bibliothek.de/wp-content/uploads/2022/09/Ausschnitt-Buchregal-300x199.jpg 300w, https://www.foerderverein-bibliothek.de/wp-content/uploads/2022/09/Ausschnitt-Buchregal-768x510.jpg 768w, https://www.foerderverein-bibliothek.de/wp-content/uploads/2022/09/Ausschnitt-Buchregal-1536x1020.jpg 1536w, https://www.foerderverein-bibliothek.de/wp-content/uploads/2022/09/Ausschnitt-Buchregal-2048x1360.jpg 2048w" sizes="auto, (max-width: 1024px) 100vw, 1024px" /><figcaption class="wp-element-caption">Restauriert und einsortiert: So präsentiert sich der historische Bestand nun.</figcaption></figure>
<ul class="modern-footnotes-list "><li><span>1</span><div>Text und Bilder aus Münster von Dr. Matthias Bollmeyer</div></li></ul>

<p>Bereits seit dem Jahr 2001 finanziert der Förderverein Bibliothek des Mariengymnasiums e. V. Jever die Restaurierung vom Verfall bedrohter Bände aus der Bibliothek des Mariengymnasiums.Die Aufträge werden in der Regel an die Firma Depping in Münster / Westf. vergeben, ein Familienunternehmen mit internationaler Reputation. Am Sonnabend, dem 16. März 2002 waren deshalb 13 Mitglieder des [&hellip;]</p>
