{"id":118,"date":"2022-08-01T21:11:38","date_gmt":"2022-08-01T19:11:38","guid":{"rendered":"https:\/\/www.foerderverein-bibliothek.de\/?page_id=118"},"modified":"2022-09-07T22:19:42","modified_gmt":"2022-09-07T20:19:42","slug":"ex-libris","status":"publish","type":"page","link":"https:\/\/www.foerderverein-bibliothek.de\/?page_id=118","title":{"rendered":"ex libris &#8211; eine Auswahl"},"content":{"rendered":"<p>In den Jahren 2000 bis 2008 ver\u00f6ffentlichte das Jeversche Wochenblatt unter dem Titel <em>&#8222;ex libris&#8220;<\/em> eine Reihe von Artikeln \u00fcber seltene und kulturhistorisch interessante B\u00fccher im Bestand der historischen Bibliothek. Sachkundiger Autor war in allen F\u00e4llen Christoph Hinz. Eine Auswahl finden Sie hier.<\/p>\n<p>\u00a0<\/p>\n\n\n<div class=\"wp-block-query alignwide is-layout-constrained wp-block-query-is-layout-constrained\"><ul class=\"is-flex-container columns-3 alignwide wp-block-post-template is-layout-flow wp-block-post-template-is-layout-flow\"><li class=\"wp-block-post post-132 post type-post status-publish format-standard hentry category-ex-libris\">\n\n\n<h2 class=\"wp-block-post-title has-x-large-font-size\"><a href=\"https:\/\/www.foerderverein-bibliothek.de\/?p=132\" target=\"_self\" >Ein Kreuz vor S\u00fcdamerika<\/a><\/h2>\n\n<div class=\"wp-block-post-excerpt\"><p class=\"wp-block-post-excerpt__excerpt\">Atlas im Mariengymnasium \/ Wie man 1721 die &#8222;weite Welt&#8220; betrachtete -ch- Jever. Die bequemste Art zu reisen besteht vermutlich darin, mit dem Finger auf der Landkarte unbekannte L\u00e4nder zu erkunden. Doch eine Karte geh\u00f6rt auch dazu, wenn man sich wirklich auf Reisen begibt. Das gilt f\u00fcr das 18. Jahrhundert noch mehr als f\u00fcr die&hellip; <\/p><\/div>\n\n<div class=\"wp-block-post-date has-small-font-size\"><time datetime=\"2001-01-20T08:00:00+02:00\"><a href=\"https:\/\/www.foerderverein-bibliothek.de\/?p=132\">Januar 20, 2001<\/a><\/time><\/div>\n<\/li><li class=\"wp-block-post post-127 post type-post status-publish format-standard hentry category-ex-libris\">\n\n\n<h2 class=\"wp-block-post-title has-x-large-font-size\"><a href=\"https:\/\/www.foerderverein-bibliothek.de\/?p=127\" target=\"_self\" >Krippenszene auf Hanseatisch<\/a><\/h2>\n\n<div class=\"wp-block-post-excerpt\"><p class=\"wp-block-post-excerpt__excerpt\">Die L\u00fcbecker Bibel von 1494 ist das Juwel unter den Buchsch\u00e4tzen des Mariengymnasiums -ch- Jever. Zu Weihnachten kommt man schwerlich um den Stall von Bethlehem herum. Die Schilderung der Geburtsumst\u00e4nde des Christuskindes findet sich im zweiten Kapitel des Evangelisten Lukas und ist als Weihnachtsgeschichte schon Kindern ein Begriff. Sie ist der Vorlesestoff der Adventszeit schlechthin.&hellip; <\/p><\/div>\n\n<div class=\"wp-block-post-date has-small-font-size\"><time datetime=\"2000-12-24T08:00:00+02:00\"><a href=\"https:\/\/www.foerderverein-bibliothek.de\/?p=127\">Dezember 24, 2000<\/a><\/time><\/div>\n<\/li><li class=\"wp-block-post post-123 post type-post status-publish format-standard hentry category-ex-libris\">\n\n\n<h2 class=\"wp-block-post-title has-x-large-font-size\"><a href=\"https:\/\/www.foerderverein-bibliothek.de\/?p=123\" target=\"_self\" >Tollw\u00fctige Hunde und z\u00e4rtliche Frauenzimmer<\/a><\/h2>\n\n<div class=\"wp-block-post-excerpt\"><p class=\"wp-block-post-excerpt__excerpt\">&#8222;Emblematum Sacrorum&#8220; nennt sich eine Sinnbilder &#8211; Sammlung von 1625 -ch- Jever. Das Leben lebt sich leichter, wenn ein fester Ma\u00dfstab anwendbar auf alle Lebenslagen ist. Ein Beispiel f\u00fcr die Vermittlung solcher Sicherheit ist die Sammlung &#8222;schoner geistlichen Lehr undt trost Figuren&#8220;, das &#8222;Emblematum Sacrorum&#8220;, von M. Joh. Saubertum aus dem Jahre 1625. Das Buch&hellip; <\/p><\/div>\n\n<div class=\"wp-block-post-date has-small-font-size\"><time datetime=\"2000-11-25T08:00:00+02:00\"><a href=\"https:\/\/www.foerderverein-bibliothek.de\/?p=123\">November 25, 2000<\/a><\/time><\/div>\n<\/li><li class=\"wp-block-post post-115 post type-post status-publish format-standard hentry category-ex-libris\">\n\n\n<h2 class=\"wp-block-post-title has-x-large-font-size\"><a href=\"https:\/\/www.foerderverein-bibliothek.de\/?p=115\" target=\"_self\" >Predigten \u00fcber &#8222;verdampte Ketzer&#8220; und den &#8222;Fleis zum Gottesdienst&#8220;<\/a><\/h2>\n\n<div class=\"wp-block-post-excerpt\"><p class=\"wp-block-post-excerpt__excerpt\">In drei Arbeitsg\u00e4ngen mu\u00df Heide Ilchmann das gewichtige Werk eines anhaltinischen Adligen mit Lederbalsam bearbeiten -ch- Jever. &#8222;Beim Auspinseln der Seiten lese ich mich auch schon einmal fest&#8220;, gesteht die Schortenserin Heide Ilchmann, die in der B\u00fccherwerkstatt des Mariengymnasiums zurzeit mit der &#8222;theologischen Abteilung&#8220; befa\u00dft ist. Au\u00dfer Bibeln und d\u00fcnnen Traktaten landen hier auch die&hellip; <\/p><\/div>\n\n<div class=\"wp-block-post-date has-small-font-size\"><time datetime=\"2000-11-04T08:00:00+02:00\"><a href=\"https:\/\/www.foerderverein-bibliothek.de\/?p=115\">November 4, 2000<\/a><\/time><\/div>\n<\/li><\/ul>\n\n\n<hr class=\"wp-block-separator has-css-opacity alignwide is-style-wide\"\/>\n\n\n<\/div>\n","protected":false},"excerpt":{"rendered":"<p>In den Jahren 2000 bis 2008 ver\u00f6ffentlichte das Jeversche Wochenblatt unter dem Titel &#8222;ex libris&#8220; eine Reihe von Artikeln \u00fcber seltene und kulturhistorisch interessante B\u00fccher im Bestand der historischen Bibliothek. Sachkundiger Autor war in allen F\u00e4llen Christoph Hinz. Eine Auswahl finden Sie hier. \u00a0<\/p>\n","protected":false},"author":1,"featured_media":0,"parent":245,"menu_order":0,"comment_status":"closed","ping_status":"closed","template":"","meta":{"_editorskit_title_hidden":false,"_editorskit_reading_time":1,"_editorskit_is_block_options_detached":false,"_editorskit_block_options_position":"{}","footnotes":""},"class_list":["post-118","page","type-page","status-publish","hentry"],"_links":{"self":[{"href":"https:\/\/www.foerderverein-bibliothek.de\/index.php?rest_route=\/wp\/v2\/pages\/118","targetHints":{"allow":["GET"]}}],"collection":[{"href":"https:\/\/www.foerderverein-bibliothek.de\/index.php?rest_route=\/wp\/v2\/pages"}],"about":[{"href":"https:\/\/www.foerderverein-bibliothek.de\/index.php?rest_route=\/wp\/v2\/types\/page"}],"author":[{"embeddable":true,"href":"https:\/\/www.foerderverein-bibliothek.de\/index.php?rest_route=\/wp\/v2\/users\/1"}],"replies":[{"embeddable":true,"href":"https:\/\/www.foerderverein-bibliothek.de\/index.php?rest_route=%2Fwp%2Fv2%2Fcomments&post=118"}],"version-history":[{"count":10,"href":"https:\/\/www.foerderverein-bibliothek.de\/index.php?rest_route=\/wp\/v2\/pages\/118\/revisions"}],"predecessor-version":[{"id":524,"href":"https:\/\/www.foerderverein-bibliothek.de\/index.php?rest_route=\/wp\/v2\/pages\/118\/revisions\/524"}],"up":[{"embeddable":true,"href":"https:\/\/www.foerderverein-bibliothek.de\/index.php?rest_route=\/wp\/v2\/pages\/245"}],"wp:attachment":[{"href":"https:\/\/www.foerderverein-bibliothek.de\/index.php?rest_route=%2Fwp%2Fv2%2Fmedia&parent=118"}],"curies":[{"name":"wp","href":"https:\/\/api.w.org\/{rel}","templated":true}]}}

<p>In den Jahren 2000 bis 2008 veröffentlichte das Jeversche Wochenblatt unter dem Titel <em>&#8222;ex libris&#8220;</em> eine Reihe von Artikeln über seltene und kulturhistorisch interessante Bücher im Bestand der historischen Bibliothek. Sachkundiger Autor war in allen Fällen Christoph Hinz. Eine Auswahl finden Sie hier.</p>
<p> </p>


<div class="wp-block-query alignwide is-layout-constrained wp-block-query-is-layout-constrained"><ul class="is-flex-container columns-3 alignwide wp-block-post-template is-layout-flow wp-block-post-template-is-layout-flow"><li class="wp-block-post post-132 post type-post status-publish format-standard hentry category-ex-libris">


<h2 class="wp-block-post-title has-x-large-font-size"><a href="https://www.foerderverein-bibliothek.de/?p=132" target="_self" >Ein Kreuz vor Südamerika</a></h2>

<div class="wp-block-post-excerpt"><p class="wp-block-post-excerpt__excerpt">Atlas im Mariengymnasium / Wie man 1721 die &#8222;weite Welt&#8220; betrachtete -ch- Jever. Die bequemste Art zu reisen besteht vermutlich darin, mit dem Finger auf der Landkarte unbekannte Länder zu erkunden. Doch eine Karte gehört auch dazu, wenn man sich wirklich auf Reisen begibt. Das gilt für das 18. Jahrhundert noch mehr als für die&hellip; </p></div>

<div class="wp-block-post-date has-small-font-size"><time datetime="2001-01-20T08:00:00+02:00"><a href="https://www.foerderverein-bibliothek.de/?p=132">Januar 20, 2001</a></time></div>
</li><li class="wp-block-post post-127 post type-post status-publish format-standard hentry category-ex-libris">


<h2 class="wp-block-post-title has-x-large-font-size"><a href="https://www.foerderverein-bibliothek.de/?p=127" target="_self" >Krippenszene auf Hanseatisch</a></h2>

<div class="wp-block-post-excerpt"><p class="wp-block-post-excerpt__excerpt">Die Lübecker Bibel von 1494 ist das Juwel unter den Buchschätzen des Mariengymnasiums -ch- Jever. Zu Weihnachten kommt man schwerlich um den Stall von Bethlehem herum. Die Schilderung der Geburtsumstände des Christuskindes findet sich im zweiten Kapitel des Evangelisten Lukas und ist als Weihnachtsgeschichte schon Kindern ein Begriff. Sie ist der Vorlesestoff der Adventszeit schlechthin.&hellip; </p></div>

<div class="wp-block-post-date has-small-font-size"><time datetime="2000-12-24T08:00:00+02:00"><a href="https://www.foerderverein-bibliothek.de/?p=127">Dezember 24, 2000</a></time></div>
</li><li class="wp-block-post post-123 post type-post status-publish format-standard hentry category-ex-libris">


<h2 class="wp-block-post-title has-x-large-font-size"><a href="https://www.foerderverein-bibliothek.de/?p=123" target="_self" >Tollwütige Hunde und zärtliche Frauenzimmer</a></h2>

<div class="wp-block-post-excerpt"><p class="wp-block-post-excerpt__excerpt">&#8222;Emblematum Sacrorum&#8220; nennt sich eine Sinnbilder &#8211; Sammlung von 1625 -ch- Jever. Das Leben lebt sich leichter, wenn ein fester Maßstab anwendbar auf alle Lebenslagen ist. Ein Beispiel für die Vermittlung solcher Sicherheit ist die Sammlung &#8222;schoner geistlichen Lehr undt trost Figuren&#8220;, das &#8222;Emblematum Sacrorum&#8220;, von M. Joh. Saubertum aus dem Jahre 1625. Das Buch&hellip; </p></div>

<div class="wp-block-post-date has-small-font-size"><time datetime="2000-11-25T08:00:00+02:00"><a href="https://www.foerderverein-bibliothek.de/?p=123">November 25, 2000</a></time></div>
</li><li class="wp-block-post post-115 post type-post status-publish format-standard hentry category-ex-libris">


<h2 class="wp-block-post-title has-x-large-font-size"><a href="https://www.foerderverein-bibliothek.de/?p=115" target="_self" >Predigten über &#8222;verdampte Ketzer&#8220; und den &#8222;Fleis zum Gottesdienst&#8220;</a></h2>

<div class="wp-block-post-excerpt"><p class="wp-block-post-excerpt__excerpt">In drei Arbeitsgängen muß Heide Ilchmann das gewichtige Werk eines anhaltinischen Adligen mit Lederbalsam bearbeiten -ch- Jever. &#8222;Beim Auspinseln der Seiten lese ich mich auch schon einmal fest&#8220;, gesteht die Schortenserin Heide Ilchmann, die in der Bücherwerkstatt des Mariengymnasiums zurzeit mit der &#8222;theologischen Abteilung&#8220; befaßt ist. Außer Bibeln und dünnen Traktaten landen hier auch die&hellip; </p></div>

<div class="wp-block-post-date has-small-font-size"><time datetime="2000-11-04T08:00:00+02:00"><a href="https://www.foerderverein-bibliothek.de/?p=115">November 4, 2000</a></time></div>
</li></ul>


<hr class="wp-block-separator has-css-opacity alignwide is-style-wide"/>


</div>

<p>In den Jahren 2000 bis 2008 veröffentlichte das Jeversche Wochenblatt unter dem Titel &#8222;ex libris&#8220; eine Reihe von Artikeln über seltene und kulturhistorisch interessante Bücher im Bestand der historischen Bibliothek. Sachkundiger Autor war in allen Fällen Christoph Hinz. Eine Auswahl finden Sie hier.  </p>
